{"id":349,"date":"2022-06-03T15:32:50","date_gmt":"2022-06-03T15:32:50","guid":{"rendered":"https:\/\/schellenbergschule.de\/?page_id=349"},"modified":"2023-05-05T16:40:19","modified_gmt":"2023-05-05T16:40:19","slug":"aktuelles","status":"publish","type":"page","link":"https:\/\/schellenbergschule.de\/?page_id=349","title":{"rendered":"Schulsozialarbeit"},"content":{"rendered":"\n<h2 class=\"wp-block-heading\">Schulsozialarbeit<\/h2>\n\n\n\n<p><strong><em>Liebe Kinder, liebe Eltern, <\/em><\/strong><\/p>\n\n\n\n<p><br>mein Name ist Joanna Eichholz. Ich bin seit dem 01. Mai 2021 als Schulsozialarbeiterin an den<br>Grundschulen der Verbandsgemeinde Rennerod und somit auch an Ihrer Schule t\u00e4tig, daher m\u00f6chte<br>ich mich hiermit kurz vorstellen.<br>Ich bin 41 Jahre alt, verheiratet und habe 2 S\u00f6hne im Alter von fast 19 und 3 Jahren. Urspr\u00fcnglich<br>komme ich aus Polen, wohne aber schon seit 20 Jahren in der Verbandsgemeinde Rennerod.<br>Von Beruf bin ich Dipl.-Sozialp\u00e4dagogin und habe die letzten 10 Jahre im Bereich der ambulanten<br>Kinder- und Jugendhilfe gearbeitet. Dort habe ich zusammen mit den Jugend\u00e4mtern in Altenkirchen,<br>Eitorf und Gummersbach Familien, Eltern und Kinder, sowie Jugendlichen betreut und u.a. bei<br>erzieherischen, schulischen und gesundheitlichen Themen unterst\u00fctzt. Dabei habe ich auch gern<br>tiergest\u00fctzt gearbeitet und meinen Hund Lucky (einen fast 10 Jahre alten Border Colli-Mischling) zu<br>Gespr\u00e4chen und Freizeitaktivit\u00e4ten eingesetzt.<br>Als Schulsozialarbeiterin stehe ich f\u00fcr Ihre Kinder, Sie als Eltern und die Lehrer u.a. in<br>Erziehungsfragen beratend zur Verf\u00fcgung. Dabei bringe ich sozialp\u00e4dagogische Sicht und<br>Handlungsweisen ein, kann in Krisen und Konfliktsituationen vermitteln. Au\u00dferdem m\u00f6chte ich an<br>der F\u00f6rderung einzelner Kinder und bei Gruppenangeboten mitwirken. Bei Fragen oder<br>Gespr\u00e4chsbedarf k\u00f6nnen Sie mich gern unter der Tel.-Nr.: 0171 40 61 522 oder unter der E-Mail-<br>Adresse: schulsozialarbeit-steinsbergschule@web.de kontaktieren.<br>Ich hoffe und freue mich auf eine gute und vertrauensvolle Zusammenarbeit und werde mich auch<br>pers\u00f6nlich in den Klassen vorstellen.<\/p>\n\n\n\n<p><br>Mit freundlichen Gr\u00fc\u00dfen<br>Joanna Eichholz<\/p>\n\n\n\n<p><img loading=\"lazy\" decoding=\"async\" width=\"150\" height=\"185\" class=\"wp-image-471\" style=\"width: 150px;\" src=\"https:\/\/schellenbergschule.de\/wp-content\/uploads\/2023\/02\/Screenshot-2023-02-25-at-13-14-06-Microsoft-Word-Vorstellung-Elternbrief-GSen-VG-Rennerod-Schulsozialarbeiterin_Vorstellung.pdf.png\" alt=\"\"><\/p>\n\n\n\n<p><\/p>\n","protected":false},"excerpt":{"rendered":"<p>Schulsozialarbeit Liebe Kinder, liebe Eltern, mein Name ist Joanna Eichholz. Ich bin seit dem 01. Mai 2021 als Schulsozialarbeiterin an denGrundschulen der Verbandsgemeinde Rennerod und somit auch an Ihrer Schule t\u00e4tig, daher m\u00f6chteich mich hiermit kurz vorstellen.Ich bin 41 Jahre alt, verheiratet und habe 2 S\u00f6hne im Alter von fast 19 und 3 Jahren. Urspr\u00fcnglichkomme&#8230;<\/p>\n","protected":false},"author":3,"featured_media":0,"parent":0,"menu_order":0,"comment_status":"closed","ping_status":"closed","template":"","meta":{"footnotes":""},"class_list":["post-349","page","type-page","status-publish","hentry"],"_links":{"self":[{"href":"https:\/\/schellenbergschule.de\/index.php?rest_route=\/wp\/v2\/pages\/349","targetHints":{"allow":["GET"]}}],"collection":[{"href":"https:\/\/schellenbergschule.de\/index.php?rest_route=\/wp\/v2\/pages"}],"about":[{"href":"https:\/\/schellenbergschule.de\/index.php?rest_route=\/wp\/v2\/types\/page"}],"author":[{"embeddable":true,"href":"https:\/\/schellenbergschule.de\/index.php?rest_route=\/wp\/v2\/users\/3"}],"replies":[{"embeddable":true,"href":"https:\/\/schellenbergschule.de\/index.php?rest_route=%2Fwp%2Fv2%2Fcomments&post=349"}],"version-history":[{"count":10,"href":"https:\/\/schellenbergschule.de\/index.php?rest_route=\/wp\/v2\/pages\/349\/revisions"}],"predecessor-version":[{"id":510,"href":"https:\/\/schellenbergschule.de\/index.php?rest_route=\/wp\/v2\/pages\/349\/revisions\/510"}],"wp:attachment":[{"href":"https:\/\/schellenbergschule.de\/index.php?rest_route=%2Fwp%2Fv2%2Fmedia&parent=349"}],"curies":[{"name":"wp","href":"https:\/\/api.w.org\/{rel}","templated":true}]}}