{"id":312,"date":"2022-06-03T15:31:46","date_gmt":"2022-06-03T15:31:46","guid":{"rendered":"https:\/\/schellenbergschule.de\/?page_id=312"},"modified":"2022-06-04T16:34:11","modified_gmt":"2022-06-04T16:34:11","slug":"unsere-goldenen-regeln","status":"publish","type":"page","link":"https:\/\/schellenbergschule.de\/?page_id=312","title":{"rendered":"Unsere Goldenen Regeln"},"content":{"rendered":"\n<h2 class=\"wp-block-heading\">Unsere Goldenen Regeln       <img loading=\"lazy\" decoding=\"async\" width=\"250\" height=\"188\" class=\"wp-image-118\" style=\"width: 250px;\" src=\"https:\/\/schellenbergschule.de\/wp-content\/uploads\/2021\/10\/DSC03849-scaled.jpg\" alt=\"\" srcset=\"https:\/\/schellenbergschule.de\/wp-content\/uploads\/2021\/10\/DSC03849-scaled.jpg 2560w, https:\/\/schellenbergschule.de\/wp-content\/uploads\/2021\/10\/DSC03849-300x225.jpg 300w, https:\/\/schellenbergschule.de\/wp-content\/uploads\/2021\/10\/DSC03849-1024x768.jpg 1024w, https:\/\/schellenbergschule.de\/wp-content\/uploads\/2021\/10\/DSC03849-768x576.jpg 768w, https:\/\/schellenbergschule.de\/wp-content\/uploads\/2021\/10\/DSC03849-1536x1152.jpg 1536w, https:\/\/schellenbergschule.de\/wp-content\/uploads\/2021\/10\/DSC03849-2048x1536.jpg 2048w, https:\/\/schellenbergschule.de\/wp-content\/uploads\/2021\/10\/DSC03849-350x265.jpg 350w\" sizes=\"auto, (max-width: 250px) 100vw, 250px\" \/><\/h2>\n\n\n\n<p><strong>Unsere Goldenen Regeln des Zusammenlebens und Arbeitens<\/strong><\/p>\n\n\n\n<p><strong>Unser Anliegen ist,<\/strong><\/p>\n\n\n\n<p><strong>dass alle Sch\u00fcler auch Kind sein d\u00fcrfen.<\/strong><\/p>\n\n\n\n<p><strong>dass alle Menschen Fehler machen d\u00fcrfen.<\/strong><\/p>\n\n\n\n<p><strong>dass wir Konflikte nicht verdammen, sondern eine konstruktive Streitkultur schaffen.<\/strong><\/p>\n\n\n\n<p>Aber:<\/p>\n\n\n\n<p>Es gibt Situationen, in denen positive Verst\u00e4rkungen, Lob und Streitschlichtungen nicht ausreichen, um massiven oder auch dauerhaften St\u00f6rungen konstruktiv entgegenzuwirken. Einheitliche Konsequenzen sollen helfen, die Sch\u00fcler auf den richtigen Weg zu f\u00fchren.<\/p>\n\n\n\n<p><a><\/a> <strong>F\u00fcr ein positives Schulklima gelten folgende goldene Regeln:<\/strong><\/p>\n\n\n\n<ol class=\"wp-block-list\"><li>Sch\u00fcler und Lehrer haben das Recht, fair und respektvoll behandelt zu werden, um k\u00f6rperlich und seelisch gesund zu bleiben. <\/li><\/ol>\n\n\n\n<ul class=\"wp-block-list\"><li>Keine Beleidigungen, keine Schl\u00e4gereien, keine Dem\u00fctigungen etc.                                                                                         <img loading=\"lazy\" decoding=\"async\" width=\"150\" height=\"200\" class=\"wp-image-115\" style=\"width: 150px;\" src=\"https:\/\/schellenbergschule.de\/wp-content\/uploads\/2021\/10\/DSC03840-scaled.jpg\" alt=\"\" srcset=\"https:\/\/schellenbergschule.de\/wp-content\/uploads\/2021\/10\/DSC03840-scaled.jpg 1920w, https:\/\/schellenbergschule.de\/wp-content\/uploads\/2021\/10\/DSC03840-225x300.jpg 225w, https:\/\/schellenbergschule.de\/wp-content\/uploads\/2021\/10\/DSC03840-768x1024.jpg 768w, https:\/\/schellenbergschule.de\/wp-content\/uploads\/2021\/10\/DSC03840-1152x1536.jpg 1152w, https:\/\/schellenbergschule.de\/wp-content\/uploads\/2021\/10\/DSC03840-1536x2048.jpg 1536w\" sizes=\"auto, (max-width: 150px) 100vw, 150px\" \/><\/li><\/ul>\n\n\n\n<p><\/p>\n\n\n\n<p><\/p>\n\n\n\n<p><\/p>\n\n\n\n<ol class=\"wp-block-list\" start=\"2\"><li>Alle Sch\u00fcler haben das Recht, ungest\u00f6rt zu lernen!<\/li><\/ol>\n\n\n\n<ul class=\"wp-block-list\"><li>Alle Lehrer haben das Recht, ungest\u00f6rt zu unterrichten.<\/li><\/ul>\n\n\n\n<ul class=\"wp-block-list\"><li>Alle achten darauf, gut f\u00fcr den Unterricht vorbereitet zu sein!<\/li><\/ul>\n\n\n\n<p>      (Gespr\u00e4chs- und Klassenregeln, Hausaufgaben, Arbeitsmaterial, P\u00fcnktlichkeit, keine Arbeitsverweigerung etc.)           <\/p>\n\n\n\n<p><img loading=\"lazy\" decoding=\"async\" width=\"150\" height=\"113\" class=\"wp-image-113\" style=\"width: 150px;\" src=\"https:\/\/schellenbergschule.de\/wp-content\/uploads\/2021\/10\/DSC03836-scaled.jpg\" alt=\"\" srcset=\"https:\/\/schellenbergschule.de\/wp-content\/uploads\/2021\/10\/DSC03836-scaled.jpg 2560w, https:\/\/schellenbergschule.de\/wp-content\/uploads\/2021\/10\/DSC03836-300x225.jpg 300w, https:\/\/schellenbergschule.de\/wp-content\/uploads\/2021\/10\/DSC03836-1024x768.jpg 1024w, https:\/\/schellenbergschule.de\/wp-content\/uploads\/2021\/10\/DSC03836-768x576.jpg 768w, https:\/\/schellenbergschule.de\/wp-content\/uploads\/2021\/10\/DSC03836-1536x1152.jpg 1536w, https:\/\/schellenbergschule.de\/wp-content\/uploads\/2021\/10\/DSC03836-2048x1536.jpg 2048w, https:\/\/schellenbergschule.de\/wp-content\/uploads\/2021\/10\/DSC03836-350x265.jpg 350w\" sizes=\"auto, (max-width: 150px) 100vw, 150px\" \/><\/p>\n\n\n\n<p><\/p>\n\n\n\n<p><\/p>\n\n\n\n<p><\/p>\n\n\n\n<ol class=\"wp-block-list\" start=\"3\"><li>Alle haben das Recht darauf, dass ihre Sachen unbesch\u00e4digt bleiben. <\/li><\/ol>\n\n\n\n<ul class=\"wp-block-list\"><li>Keine Sachbesch\u00e4digung, kein Entwenden fremden Eigentums                                                                              <img loading=\"lazy\" decoding=\"async\" width=\"250\" height=\"188\" class=\"wp-image-246\" style=\"width: 250px;\" src=\"https:\/\/schellenbergschule.de\/wp-content\/uploads\/2022\/05\/DSC03803-scaled.jpg\" alt=\"\" srcset=\"https:\/\/schellenbergschule.de\/wp-content\/uploads\/2022\/05\/DSC03803-scaled.jpg 2560w, https:\/\/schellenbergschule.de\/wp-content\/uploads\/2022\/05\/DSC03803-300x225.jpg 300w, https:\/\/schellenbergschule.de\/wp-content\/uploads\/2022\/05\/DSC03803-1024x768.jpg 1024w, https:\/\/schellenbergschule.de\/wp-content\/uploads\/2022\/05\/DSC03803-768x576.jpg 768w, https:\/\/schellenbergschule.de\/wp-content\/uploads\/2022\/05\/DSC03803-1536x1152.jpg 1536w, https:\/\/schellenbergschule.de\/wp-content\/uploads\/2022\/05\/DSC03803-2048x1536.jpg 2048w, https:\/\/schellenbergschule.de\/wp-content\/uploads\/2022\/05\/DSC03803-350x265.jpg 350w\" sizes=\"auto, (max-width: 250px) 100vw, 250px\" \/><\/li><\/ul>\n\n\n\n<p><\/p>\n\n\n\n<p><\/p>\n\n\n\n<p><\/p>\n\n\n\n<ol class=\"wp-block-list\" start=\"4\"><li>Alle haben das Recht auf eine saubere Schule. <\/li><\/ol>\n\n\n\n<ul class=\"wp-block-list\"><li>Keine Schmierereien, keine Zerst\u00f6rungen, angemessenes Verhalten auf der Toilette etc.<img loading=\"lazy\" decoding=\"async\" width=\"250\" height=\"188\" class=\"wp-image-254\" style=\"width: 250px;\" src=\"https:\/\/schellenbergschule.de\/wp-content\/uploads\/2022\/05\/DSC03816-scaled.jpg\" alt=\"\" srcset=\"https:\/\/schellenbergschule.de\/wp-content\/uploads\/2022\/05\/DSC03816-scaled.jpg 2560w, https:\/\/schellenbergschule.de\/wp-content\/uploads\/2022\/05\/DSC03816-300x225.jpg 300w, https:\/\/schellenbergschule.de\/wp-content\/uploads\/2022\/05\/DSC03816-1024x768.jpg 1024w, https:\/\/schellenbergschule.de\/wp-content\/uploads\/2022\/05\/DSC03816-768x576.jpg 768w, https:\/\/schellenbergschule.de\/wp-content\/uploads\/2022\/05\/DSC03816-1536x1152.jpg 1536w, https:\/\/schellenbergschule.de\/wp-content\/uploads\/2022\/05\/DSC03816-2048x1536.jpg 2048w, https:\/\/schellenbergschule.de\/wp-content\/uploads\/2022\/05\/DSC03816-350x265.jpg 350w\" sizes=\"auto, (max-width: 250px) 100vw, 250px\" \/><\/li><\/ul>\n\n\n\n<p><\/p>\n\n\n\n<p><\/p>\n\n\n\n<p><\/p>\n\n\n\n<ol class=\"wp-block-list\" start=\"5\"><li>Jeder h\u00e4lt sich an die Regeln, auch wenn ein anderer vorher etwas falsch gemacht hat.<\/li><\/ol>\n\n\n\n<ul class=\"wp-block-list\"><li>Keine Ausreden                                                                                                                                                                       <img loading=\"lazy\" decoding=\"async\" width=\"150\" height=\"200\" class=\"wp-image-112\" style=\"width: 150px;\" src=\"https:\/\/schellenbergschule.de\/wp-content\/uploads\/2021\/10\/DSC03835-scaled.jpg\" alt=\"\" srcset=\"https:\/\/schellenbergschule.de\/wp-content\/uploads\/2021\/10\/DSC03835-scaled.jpg 1920w, https:\/\/schellenbergschule.de\/wp-content\/uploads\/2021\/10\/DSC03835-225x300.jpg 225w, https:\/\/schellenbergschule.de\/wp-content\/uploads\/2021\/10\/DSC03835-768x1024.jpg 768w, https:\/\/schellenbergschule.de\/wp-content\/uploads\/2021\/10\/DSC03835-1152x1536.jpg 1152w, https:\/\/schellenbergschule.de\/wp-content\/uploads\/2021\/10\/DSC03835-1536x2048.jpg 1536w\" sizes=\"auto, (max-width: 150px) 100vw, 150px\" \/><\/li><\/ul>\n\n\n\n<p><\/p>\n\n\n\n<p><\/p>\n\n\n\n<p><\/p>\n\n\n\n<ol class=\"wp-block-list\" start=\"6\"><li>Sch\u00fcler verlassen nur mit Erlaubnis des Lehrers den Klassenraum\/ das Schulgeb\u00e4ude. <img loading=\"lazy\" decoding=\"async\" width=\"250\" height=\"188\" class=\"wp-image-83\" style=\"width: 250px;\" src=\"https:\/\/schellenbergschule.de\/wp-content\/uploads\/2021\/10\/DSC03857-scaled.jpg\" alt=\"\" srcset=\"https:\/\/schellenbergschule.de\/wp-content\/uploads\/2021\/10\/DSC03857-scaled.jpg 2560w, https:\/\/schellenbergschule.de\/wp-content\/uploads\/2021\/10\/DSC03857-300x225.jpg 300w, https:\/\/schellenbergschule.de\/wp-content\/uploads\/2021\/10\/DSC03857-1024x768.jpg 1024w, https:\/\/schellenbergschule.de\/wp-content\/uploads\/2021\/10\/DSC03857-768x576.jpg 768w, https:\/\/schellenbergschule.de\/wp-content\/uploads\/2021\/10\/DSC03857-1536x1152.jpg 1536w, https:\/\/schellenbergschule.de\/wp-content\/uploads\/2021\/10\/DSC03857-2048x1536.jpg 2048w, https:\/\/schellenbergschule.de\/wp-content\/uploads\/2021\/10\/DSC03857-350x265.jpg 350w\" sizes=\"auto, (max-width: 250px) 100vw, 250px\" \/><\/li><\/ol>\n","protected":false},"excerpt":{"rendered":"<p>Unsere Goldenen Regeln Unsere Goldenen Regeln des Zusammenlebens und Arbeitens Unser Anliegen ist, dass alle Sch\u00fcler auch Kind sein d\u00fcrfen. dass alle Menschen Fehler machen d\u00fcrfen. dass wir Konflikte nicht verdammen, sondern eine konstruktive Streitkultur schaffen. Aber: Es gibt Situationen, in denen positive Verst\u00e4rkungen, Lob und Streitschlichtungen nicht ausreichen, um massiven oder auch dauerhaften St\u00f6rungen&#8230;<\/p>\n","protected":false},"author":3,"featured_media":0,"parent":0,"menu_order":0,"comment_status":"closed","ping_status":"closed","template":"","meta":{"footnotes":""},"class_list":["post-312","page","type-page","status-publish","hentry"],"_links":{"self":[{"href":"https:\/\/schellenbergschule.de\/index.php?rest_route=\/wp\/v2\/pages\/312","targetHints":{"allow":["GET"]}}],"collection":[{"href":"https:\/\/schellenbergschule.de\/index.php?rest_route=\/wp\/v2\/pages"}],"about":[{"href":"https:\/\/schellenbergschule.de\/index.php?rest_route=\/wp\/v2\/types\/page"}],"author":[{"embeddable":true,"href":"https:\/\/schellenbergschule.de\/index.php?rest_route=\/wp\/v2\/users\/3"}],"replies":[{"embeddable":true,"href":"https:\/\/schellenbergschule.de\/index.php?rest_route=%2Fwp%2Fv2%2Fcomments&post=312"}],"version-history":[{"count":9,"href":"https:\/\/schellenbergschule.de\/index.php?rest_route=\/wp\/v2\/pages\/312\/revisions"}],"predecessor-version":[{"id":379,"href":"https:\/\/schellenbergschule.de\/index.php?rest_route=\/wp\/v2\/pages\/312\/revisions\/379"}],"wp:attachment":[{"href":"https:\/\/schellenbergschule.de\/index.php?rest_route=%2Fwp%2Fv2%2Fmedia&parent=312"}],"curies":[{"name":"wp","href":"https:\/\/api.w.org\/{rel}","templated":true}]}}