{"id":299,"date":"2022-06-03T15:34:24","date_gmt":"2022-06-03T15:34:24","guid":{"rendered":"https:\/\/schellenbergschule.de\/?page_id=299"},"modified":"2022-06-04T08:04:05","modified_gmt":"2022-06-04T08:04:05","slug":"weitere-informationen","status":"publish","type":"page","link":"https:\/\/schellenbergschule.de\/?page_id=299","title":{"rendered":"Weitere Informationen"},"content":{"rendered":"\n<h2 class=\"wp-block-heading\"><strong>Hausschuhe<\/strong><\/h2>\n\n\n\n<p>Bitte denken Sie daran, dass Ihr Kind im Geb\u00e4ude Hausschuhe tragen muss.&nbsp;<\/p>\n\n\n\n<h2 class=\"wp-block-heading\"><strong>Unterrichtsausfall bei Krankheit der Lehrer<\/strong><\/h2>\n\n\n\n<p>Auch Lehrer k\u00f6nnen erkranken, so dass kurzfristige \u00c4nderungen des Unterrichtsalltags eintreten. In seltenen F\u00e4llen muss auch einmal Unterricht ausfallen. Dar\u00fcber informieren wir Sie, bei rechtzeitiger Kenntnis, schriftlich, bei sehr kurzfristiger Kenntnis \u00fcber die eingerichteten Telefonketten.<\/p>\n\n\n\n<p>Kinder, die bei Unterrichtsausfall zu Hause nicht betreut werden k\u00f6nnen, werden in der Schule selbstverst\u00e4ndlich mit betreut.<\/p>\n\n\n\n<h2 class=\"wp-block-heading\"><strong>Schulobst<\/strong><\/h2>\n\n\n\n<p>Alle Grundschulen in Rheinland-Pfalz erhalten wie gewohnt einmal pro Woche Schulobst.&nbsp;<\/p>\n\n\n\n<h2 class=\"wp-block-heading\"><strong>Elektronische Ger\u00e4te (Handy)&nbsp;<\/strong><\/h2>\n\n\n\n<p>Elektronische Ger\u00e4te d\u00fcrfen w\u00e4hrend der Schulzeit nicht genutzt werden.&nbsp;<\/p>\n","protected":false},"excerpt":{"rendered":"<p>Hausschuhe Bitte denken Sie daran, dass Ihr Kind im Geb\u00e4ude Hausschuhe tragen muss.&nbsp; Unterrichtsausfall bei Krankheit der Lehrer Auch Lehrer k\u00f6nnen erkranken, so dass kurzfristige \u00c4nderungen des Unterrichtsalltags eintreten. In seltenen F\u00e4llen muss auch einmal Unterricht ausfallen. Dar\u00fcber informieren wir Sie, bei rechtzeitiger Kenntnis, schriftlich, bei sehr kurzfristiger Kenntnis \u00fcber die eingerichteten Telefonketten. Kinder, die&#8230;<\/p>\n","protected":false},"author":3,"featured_media":0,"parent":0,"menu_order":0,"comment_status":"closed","ping_status":"closed","template":"","meta":{"footnotes":""},"class_list":["post-299","page","type-page","status-publish","hentry"],"_links":{"self":[{"href":"https:\/\/schellenbergschule.de\/index.php?rest_route=\/wp\/v2\/pages\/299","targetHints":{"allow":["GET"]}}],"collection":[{"href":"https:\/\/schellenbergschule.de\/index.php?rest_route=\/wp\/v2\/pages"}],"about":[{"href":"https:\/\/schellenbergschule.de\/index.php?rest_route=\/wp\/v2\/types\/page"}],"author":[{"embeddable":true,"href":"https:\/\/schellenbergschule.de\/index.php?rest_route=\/wp\/v2\/users\/3"}],"replies":[{"embeddable":true,"href":"https:\/\/schellenbergschule.de\/index.php?rest_route=%2Fwp%2Fv2%2Fcomments&post=299"}],"version-history":[{"count":2,"href":"https:\/\/schellenbergschule.de\/index.php?rest_route=\/wp\/v2\/pages\/299\/revisions"}],"predecessor-version":[{"id":351,"href":"https:\/\/schellenbergschule.de\/index.php?rest_route=\/wp\/v2\/pages\/299\/revisions\/351"}],"wp:attachment":[{"href":"https:\/\/schellenbergschule.de\/index.php?rest_route=%2Fwp%2Fv2%2Fmedia&parent=299"}],"curies":[{"name":"wp","href":"https:\/\/api.w.org\/{rel}","templated":true}]}}