{"id":295,"date":"2022-06-03T14:45:40","date_gmt":"2022-06-03T14:45:40","guid":{"rendered":"https:\/\/schellenbergschule.de\/?page_id=295"},"modified":"2022-06-04T08:03:25","modified_gmt":"2022-06-04T08:03:25","slug":"gespraeche","status":"publish","type":"page","link":"https:\/\/schellenbergschule.de\/?page_id=295","title":{"rendered":"Gespr\u00e4che"},"content":{"rendered":"\n<h2 class=\"wp-block-heading\"><strong>Gespr\u00e4chstermine<\/strong><\/h2>\n\n\n\n<p>M\u00f6chten Sie ein Gespr\u00e4ch mit einer Lehrkraft, so vereinbaren Sie bitte einen Termin, damit wir Zeit f\u00fcr Sie haben. Von Gespr\u00e4chen vor und w\u00e4hrend des Unterrichts bitten wir abzusehen. Diese Zeit geh\u00f6rt den Kindern.<\/p>\n\n\n\n<p><\/p>\n\n\n\n<h2 class=\"wp-block-heading\"><strong>Lernstandshefte<\/strong><\/h2>\n\n\n\n<p>In den Lernstandsheften erhalten Sie R\u00fcckmeldungen \u00fcber das Arbeits- und Lernverhalten und die Leistungen Ihrer Kinder in den einzelnen Lernbereichen. Lesen und besprechen Sie mit Ihren Kindern die bisherigen Leistungen und ihr K\u00f6nnen. Die Lernstandshefte werden mit Ihrem Kind und Ihnen bei den Lehrer-Sch\u00fcler-Eltern-Gespr\u00e4chen n\u00e4her besprochen.&nbsp;<\/p>\n","protected":false},"excerpt":{"rendered":"<p>Gespr\u00e4chstermine M\u00f6chten Sie ein Gespr\u00e4ch mit einer Lehrkraft, so vereinbaren Sie bitte einen Termin, damit wir Zeit f\u00fcr Sie haben. Von Gespr\u00e4chen vor und w\u00e4hrend des Unterrichts bitten wir abzusehen. Diese Zeit geh\u00f6rt den Kindern. Lernstandshefte In den Lernstandsheften erhalten Sie R\u00fcckmeldungen \u00fcber das Arbeits- und Lernverhalten und die Leistungen Ihrer Kinder in den einzelnen&#8230;<\/p>\n","protected":false},"author":3,"featured_media":0,"parent":0,"menu_order":0,"comment_status":"closed","ping_status":"closed","template":"","meta":{"footnotes":""},"class_list":["post-295","page","type-page","status-publish","hentry"],"_links":{"self":[{"href":"https:\/\/schellenbergschule.de\/index.php?rest_route=\/wp\/v2\/pages\/295","targetHints":{"allow":["GET"]}}],"collection":[{"href":"https:\/\/schellenbergschule.de\/index.php?rest_route=\/wp\/v2\/pages"}],"about":[{"href":"https:\/\/schellenbergschule.de\/index.php?rest_route=\/wp\/v2\/types\/page"}],"author":[{"embeddable":true,"href":"https:\/\/schellenbergschule.de\/index.php?rest_route=\/wp\/v2\/users\/3"}],"replies":[{"embeddable":true,"href":"https:\/\/schellenbergschule.de\/index.php?rest_route=%2Fwp%2Fv2%2Fcomments&post=295"}],"version-history":[{"count":1,"href":"https:\/\/schellenbergschule.de\/index.php?rest_route=\/wp\/v2\/pages\/295\/revisions"}],"predecessor-version":[{"id":296,"href":"https:\/\/schellenbergschule.de\/index.php?rest_route=\/wp\/v2\/pages\/295\/revisions\/296"}],"wp:attachment":[{"href":"https:\/\/schellenbergschule.de\/index.php?rest_route=%2Fwp%2Fv2%2Fmedia&parent=295"}],"curies":[{"name":"wp","href":"https:\/\/api.w.org\/{rel}","templated":true}]}}