{"id":291,"date":"2022-06-03T15:25:50","date_gmt":"2022-06-03T15:25:50","guid":{"rendered":"https:\/\/schellenbergschule.de\/?page_id=291"},"modified":"2022-06-04T16:26:19","modified_gmt":"2022-06-04T16:26:19","slug":"sportunterricht","status":"publish","type":"page","link":"https:\/\/schellenbergschule.de\/?page_id=291","title":{"rendered":"Sportunterricht"},"content":{"rendered":"\n<h2 class=\"wp-block-heading\"><strong>Sportunterricht<\/strong> <img loading=\"lazy\" decoding=\"async\" width=\"250\" height=\"188\" class=\"wp-image-123\" style=\"width: 250px;\" src=\"https:\/\/schellenbergschule.de\/wp-content\/uploads\/2021\/10\/DSC03869-scaled.jpg\" alt=\"\" srcset=\"https:\/\/schellenbergschule.de\/wp-content\/uploads\/2021\/10\/DSC03869-scaled.jpg 2560w, https:\/\/schellenbergschule.de\/wp-content\/uploads\/2021\/10\/DSC03869-300x225.jpg 300w, https:\/\/schellenbergschule.de\/wp-content\/uploads\/2021\/10\/DSC03869-1024x768.jpg 1024w, https:\/\/schellenbergschule.de\/wp-content\/uploads\/2021\/10\/DSC03869-768x576.jpg 768w, https:\/\/schellenbergschule.de\/wp-content\/uploads\/2021\/10\/DSC03869-1536x1152.jpg 1536w, https:\/\/schellenbergschule.de\/wp-content\/uploads\/2021\/10\/DSC03869-2048x1536.jpg 2048w, https:\/\/schellenbergschule.de\/wp-content\/uploads\/2021\/10\/DSC03869-350x265.jpg 350w\" sizes=\"auto, (max-width: 250px) 100vw, 250px\" \/><\/h2>\n\n\n\n<p>Auch in diesem Schuljahr k\u00f6nnen die Klassenstufen 1 und 2 die Mehrzweckhalle in Hellenhahn f\u00fcr den Sportunterricht nutzen. Der Sportunterricht der Klassen 3 und 4 findet in Rennerod statt.<\/p>\n\n\n\n<p>Bitte denken Sie daran, dass, wie in allen Hallen \u00fcblich, Turnschuhe mit wei\u00dfer\/heller Sohle getragen werden m\u00fcssen. Achten sie bitte auch darauf, dass beim Sportunterricht kein Schmuck getragen werden darf. Ohrringe m\u00fcssen abgeklebt werden. Kinder, die Brillen tragen, m\u00fcssen auf einen sicheren Sitz der Brille achten. Empfehlenswert ist das Tragen einer Sportbrille.<\/p>\n\n\n\n<p>Soll Ihr Kind aus gesundheitlichen Gr\u00fcnden nicht am Sportunterricht teilnehmen, so geben Sie Ihrem Kind eine kurze Notiz mit. Ihr Kind nimmt stattdessen am Unterricht einer anderen Klasse teil oder f\u00e4hrt mit zur Halle und schaut dort zu.<\/p>\n","protected":false},"excerpt":{"rendered":"<p>Sportunterricht Auch in diesem Schuljahr k\u00f6nnen die Klassenstufen 1 und 2 die Mehrzweckhalle in Hellenhahn f\u00fcr den Sportunterricht nutzen. Der Sportunterricht der Klassen 3 und 4 findet in Rennerod statt. Bitte denken Sie daran, dass, wie in allen Hallen \u00fcblich, Turnschuhe mit wei\u00dfer\/heller Sohle getragen werden m\u00fcssen. Achten sie bitte auch darauf, dass beim Sportunterricht&#8230;<\/p>\n","protected":false},"author":3,"featured_media":0,"parent":0,"menu_order":0,"comment_status":"closed","ping_status":"closed","template":"","meta":{"footnotes":""},"class_list":["post-291","page","type-page","status-publish","hentry"],"_links":{"self":[{"href":"https:\/\/schellenbergschule.de\/index.php?rest_route=\/wp\/v2\/pages\/291","targetHints":{"allow":["GET"]}}],"collection":[{"href":"https:\/\/schellenbergschule.de\/index.php?rest_route=\/wp\/v2\/pages"}],"about":[{"href":"https:\/\/schellenbergschule.de\/index.php?rest_route=\/wp\/v2\/types\/page"}],"author":[{"embeddable":true,"href":"https:\/\/schellenbergschule.de\/index.php?rest_route=\/wp\/v2\/users\/3"}],"replies":[{"embeddable":true,"href":"https:\/\/schellenbergschule.de\/index.php?rest_route=%2Fwp%2Fv2%2Fcomments&post=291"}],"version-history":[{"count":3,"href":"https:\/\/schellenbergschule.de\/index.php?rest_route=\/wp\/v2\/pages\/291\/revisions"}],"predecessor-version":[{"id":375,"href":"https:\/\/schellenbergschule.de\/index.php?rest_route=\/wp\/v2\/pages\/291\/revisions\/375"}],"wp:attachment":[{"href":"https:\/\/schellenbergschule.de\/index.php?rest_route=%2Fwp%2Fv2%2Fmedia&parent=291"}],"curies":[{"name":"wp","href":"https:\/\/api.w.org\/{rel}","templated":true}]}}